{"id":1043,"date":"2018-04-09T08:15:51","date_gmt":"2018-04-09T11:15:51","guid":{"rendered":"https:\/\/www.mca.srv.br\/novo4\/?page_id=1043"},"modified":"2022-09-20T14:03:30","modified_gmt":"2022-09-20T17:03:30","slug":"consultoria","status":"publish","type":"page","link":"https:\/\/www.mca.srv.br\/site\/consultoria\/","title":{"rendered":"Consultoria"},"content":{"rendered":"<p><section class=\"kc-elm kc-css-354523 kc_row\"><div class=\"kc-row-container  kc-container\"><div class=\"kc-wrap-columns\"><div class=\"kc-elm kc-css-595719 kc_col-sm-12 kc_column kc_col-sm-12\"><div class=\"kc-col-container\"><!--Sidebar Page Container-->\r\n<div class=\"sidebar-page-container\">\r\n    <div class=\"auto-container\">\r\n        <div class=\"row clearfix\">\r\n\r\n            <!--Content Side-->\r\n            <div class=\"content-side pull-right col-lg-9 col-md-8 col-sm-12 col-xs-12\">\r\n                <div class=\"services-single\">\r\n                    <div class=\"inner-box\">\r\n                        <div class=\"gallery-image\">\r\n                            <div class=\"row clearfix\">\r\n                                <div class=\"image-column col-md-7 col-sm-7 col-xs-12\">\r\n                                    <div class=\"image\">\r\n                                        <img decoding=\"async\" src=\"https:\/\/www.mca.srv.br\/novo4\/wp-content\/uploads\/2018\/04\/be1-300x200.jpg\" alt=\"image\" \/>\r\n                                    <\/div>\r\n                                <\/div>\r\n                                <div class=\"image-column col-md-5 col-sm-5 col-xs-12\">\r\n                                    <div class=\"image\">\r\n                                        <img decoding=\"async\" src=\"https:\/\/www.mca.srv.br\/novo4\/wp-content\/uploads\/2018\/04\/Carregamento-3-300x168.png\" alt=\"image\" \/>\r\n                                    <\/div>\r\n                                <\/div>\r\n                            <\/div>\r\n                        <\/div>\r\n                        <h2>Consultoria<\/h2>\r\n                        <div class=\"text\">\r\n                            <p>Os servi\u00e7os especializados de Consultoria da MCA contam com a experi\u00eancia \u00edmpar de profissionais multidisciplinares, o que assegura a an\u00e1lise precisa de todos os aspectos que envolvem o investimento. <br><BR>\r\nDentro de uma abordagem proativa e integrada, prestamos servi\u00e7os de Consultoria de excel\u00eancia, alinhados \u00e0s metas do investimento e ao objetivo global do cliente. <\/p>\r\n                            <div class=\"two-column\">\r\n                                <div class=\"row clearfix\">\r\n                                    <div class=\"image-column col-md-6 col-sm-6 col-xs-12\">\r\n                                        <div class=\"image\">\r\n                                            <img decoding=\"async\" src=\"https:\/\/www.mca.srv.br\/novo4\/wp-content\/uploads\/2018\/04\/Aerial-Vale-8-300x146.jpg\" alt=\"image\" \/>\r\n                                        <\/div>\r\n                                    <\/div>\r\n                                    <div class=\"content-column col-md-6 col-sm-6 col-xs-12\">\r\n                                        <div class=\"inner-column left-padd\">\r\n                                            <h3>Consultoria<\/h3>\r\n                                            <p>A MCA j\u00e1 atuou em mais de 150 projetos de consultoria t\u00e9cnica, em diversos segmentos de mercado, nas \u00e1reas de:<\/p>\r\n                                                                                            <ul class=\"list-style-four\">\r\n                                                                                                            <li>Estrutura\u00e7\u00e3o e Implementa\u00e7\u00e3o de Escrit\u00f3rio de Projetos - PMO<\/li>\r\n                                                                                                            <li>Mapeamento de Processos<\/li>\r\n                                                                                                            <li>Plano de Execu\u00e7\u00e3o do Projeto PEP<\/li>\r\n                                                                                                            <li>Metodologia FEL<\/li>\r\n                                                                                                            <li>Metodologia AWP<\/li>\r\n                                                                                                            <li>Gest\u00e3o de Portf\u00f3lio \/ Programas \/ Projetos (CapX)<\/li>\r\n                                                                                                            <li>Estudo de Viabilidade de Empreendimentos<\/li>\r\n                                                                                                            <li>Estrutura\u00e7\u00e3o e detalhamento do Capex <\/li>\r\n                                                                                                            <li>Plano de Comunica\u00e7\u00e3o Social<\/li>\r\n                                                                                                            <li>An\u00e1lise de Risco de Projeto<\/li>\r\n                                                                                                            <li>An\u00e1lise de Risco em Gest\u00e3o de Ativos<\/li>\r\n                                                                                                            <li>HAZOP - Hazard and Operability Analysis<\/li>\r\n                                                                                                            <li>VIP \u2013 Value Improvement Practices<\/li>\r\n                                                                                                            <li>Gest\u00e3o de Suprimentos<\/li>\r\n                                                                                                            <li>Controle e Gest\u00e3o Patrimonial<\/li>\r\n                                                                                                            <li>Assessoria em Contratos de Alian\u00e7a<\/li>\r\n                                                                                                            <li>Gest\u00e3o de Contratos e Conflitos<\/li>\r\n                                                                                                    <\/ul>\r\n                                                                                    <\/div>\r\n                                    <\/div>\r\n\r\n                                <\/div>\r\n                            <\/div>\r\n                        <\/div>\r\n                        \r\n                        \r\n                        <!--Accordian Boxed-->\r\n                        <div class=\"accordian-boxed\">\r\n                            <h3><\/h3>\r\n                            \r\n                        <\/div>\r\n                    <\/div>\r\n                <\/div>\r\n            <\/div>\r\n\r\n            <!--Sidebar Side-->\r\n            <div class=\"sidebar-side col-lg-3 col-md-4 col-sm-12 col-xs-12\">\r\n                <aside class=\"sidebar\">\r\n\r\n                    <!--Sidebar Side-->\r\n\t\t\t\t\t <!-- \/.footer-news -->\r\n\r\n                <\/aside>\r\n            <\/div>\r\n\r\n        <\/div>\r\n    <\/div>\r\n<\/div><\/div><\/div><\/div><\/div><\/section><section class=\"kc-elm kc-css-427215 kc_row\"><div class=\"kc-row-container  kc-container\"><div class=\"kc-wrap-columns\"><div class=\"kc-elm kc-css-47589 kc_col-sm-12 kc_column kc_col-sm-12\"><div class=\"kc-col-container\"><!--Sidebar Page Container-->\r\n<div class=\"sidebar-page-container\">\r\n    <div class=\"auto-container\">\r\n        <div class=\"row clearfix\">\r\n\r\n            <!--Content Side-->\r\n            <div class=\"content-side pull-right col-lg-9 col-md-8 col-sm-12 col-xs-12\">\r\n                <div class=\"services-single\">\r\n                    <div class=\"inner-box\">\r\n                        <div class=\"gallery-image\">\r\n                            <div class=\"row clearfix\">\r\n                                <div class=\"image-column col-md-7 col-sm-7 col-xs-12\">\r\n                                    <div class=\"image\">\r\n                                        <img decoding=\"async\" src=\"http:\/\/wp3.commonsupport.com\/newwp\/nortech\/wp-content\/uploads\/2018\/04\/service-16.jpg\" alt=\"image\" \/>\r\n                                    <\/div>\r\n                                <\/div>\r\n                                <div class=\"image-column col-md-5 col-sm-5 col-xs-12\">\r\n                                    <div class=\"image\">\r\n                                        <img decoding=\"async\" src=\"http:\/\/wp3.commonsupport.com\/newwp\/nortech\/wp-content\/uploads\/2018\/04\/service-17.jpg\" alt=\"image\" \/>\r\n                                    <\/div>\r\n                                <\/div>\r\n                            <\/div>\r\n                        <\/div>\r\n                        <h2>Auditoria<\/h2>\r\n                        <div class=\"text\">\r\n                            <p>A Auditoria \u00e9 um servi\u00e7o de alto valor agregado, que visa a antecipa\u00e7\u00e3o, o controle e a gest\u00e3o dos riscos inerentes \u00e0 realiza\u00e7\u00e3o de investimentos em obras - como pagamentos indevidos, comprometimento de prazos, qualidade e custos.\r\n<br><br><br>\r\nOs conceitos e a metodologia dos nossos servi\u00e7os de Auditoria s\u00e3o aplic\u00e1veis a todos os tipos de investimento, independente da fase ou etapas em que se encontre.<br><BR>\r\nA MCA possui vasta experi\u00eancia na execu\u00e7\u00e3o de servi\u00e7os de Auditoria em empreendimentos, assim como em projetos de engenharia, obras, reformas e outros investimentos, nos diversos segmentos do mercado, nas \u00e1reas de:\r\n\u2022 Auditoria da Efetividade e Monitoramento da Constru\u00e7\u00e3o\r\n\u2022 An\u00e1lise de Maturidade de Empreendimentos\r\n\u2022 Auditoria de Integra\u00e7\u00e3o de Escopo\r\n\u2022 Auditoria de CAPEX\r\n\u2022 Estrutura\u00e7\u00e3o, monitoramento e auditoria de Compliance.\r\n\u2022 An\u00e1lise de Pleitos (Claims) \r\n\u2022 Gest\u00e3o de Anti-pleitos\r\n\u2022 Apoio t\u00e9cnico em Arbitragens\r\n\u2022 Auditoria Ambiental\r\n\u2022 Auditoria de Exporta\u00e7\u00e3o de Bens e Servi\u00e7os\r\n <\/p>\r\n                            <div class=\"two-column\">\r\n                                <div class=\"row clearfix\">\r\n                                    <div class=\"image-column col-md-6 col-sm-6 col-xs-12\">\r\n                                        <div class=\"image\">\r\n                                            <img decoding=\"async\" src=\"https:\/\/www.mca.srv.br\/novo4\/wp-content\/uploads\/2022\/01\/Vale-Brucutu-300x200.jpg\" alt=\"image\" \/>\r\n                                        <\/div>\r\n                                    <\/div>\r\n                                    <div class=\"content-column col-md-6 col-sm-6 col-xs-12\">\r\n                                        <div class=\"inner-column left-padd\">\r\n                                            <h3>Experi\u00eancia conta<\/h3>\r\n                                            <p>A MCA possui vasta experi\u00eancia na execu\u00e7\u00e3o de servi\u00e7os de Auditoria em empreendimentos, assim como em projetos de engenharia, obras, reformas e outros investimentos, nos diversos segmentos do mercado, nas \u00e1reas de:<\/p>\r\n                                                                                            <ul class=\"list-style-four\">\r\n                                                                                                            <li>Auditoria da Efetividade e Monitoramento da Constru\u00e7\u00e3o<\/li>\r\n                                                                                                            <li>An\u00e1lise de Maturidade de Empreendimentos<\/li>\r\n                                                                                                            <li>Auditoria de Integra\u00e7\u00e3o de Escopo.<\/li>\r\n                                                                                                            <li>Auditoria de CAPEX<\/li>\r\n                                                                                                            <li>Estrutura\u00e7\u00e3o, monitoramento e auditoria de Compliance.<\/li>\r\n                                                                                                            <li>An\u00e1lise de Pleitos (Claims) <\/li>\r\n                                                                                                            <li>Gest\u00e3o de Anti-pleitos<\/li>\r\n                                                                                                            <li>Apoio t\u00e9cnico em Arbitragens<\/li>\r\n                                                                                                            <li>Auditoria Ambiental<\/li>\r\n                                                                                                            <li>Auditoria de Exporta\u00e7\u00e3o de Bens e Servi\u00e7os<\/li>\r\n                                                                                                    <\/ul>\r\n                                                                                    <\/div>\r\n                                    <\/div>\r\n\r\n                                <\/div>\r\n                            <\/div>\r\n                        <\/div>\r\n                        \r\n                                                    <div class=\"featured-blocks\">\r\n                                <div class=\"clearfix\">\r\n                                                                            <!--Featured Block-->\r\n                                        <div class=\"featured-block col-md-6 col-sm-6 col-xs-12\">\r\n                                            <div class=\"featured-inner\">\r\n                                                <div class=\"content\">\r\n                                                    <div class=\"icon-box\">\r\n                                                        <span class=\"icon flaticon-worker\"><\/span>\r\n                                                    <\/div>\r\n                                                    <h3><a href=\"#\">Professional Team<\/a><\/h3>\r\n                                                    <div class=\"featured-text\">Leverage agile frameworks to provide a robust synopsis for high level overviews. Iterative approaches.<\/div>\r\n                                                <\/div>\r\n                                            <\/div>\r\n                                        <\/div>\r\n                                                                            <!--Featured Block-->\r\n                                        <div class=\"featured-block col-md-6 col-sm-6 col-xs-12\">\r\n                                            <div class=\"featured-inner\">\r\n                                                <div class=\"content\">\r\n                                                    <div class=\"icon-box\">\r\n                                                        <span class=\"icon flaticon-clock-1\"><\/span>\r\n                                                    <\/div>\r\n                                                    <h3><a href=\"#\">Delivery on Time<\/a><\/h3>\r\n                                                    <div class=\"featured-text\">Leverage agile frameworks to provide a robust synopsis for high level overviews. Iterative approaches.<\/div>\r\n                                                <\/div>\r\n                                            <\/div>\r\n                                        <\/div>\r\n                                                                            <!--Featured Block-->\r\n                                        <div class=\"featured-block col-md-6 col-sm-6 col-xs-12\">\r\n                                            <div class=\"featured-inner\">\r\n                                                <div class=\"content\">\r\n                                                    <div class=\"icon-box\">\r\n                                                        <span class=\"icon flaticon-medal\"><\/span>\r\n                                                    <\/div>\r\n                                                    <h3><a href=\"#\">Quality Products<\/a><\/h3>\r\n                                                    <div class=\"featured-text\">Leverage agile frameworks to provide a robust synopsis for high level overviews. Iterative approaches.<\/div>\r\n                                                <\/div>\r\n                                            <\/div>\r\n                                        <\/div>\r\n                                                                            <!--Featured Block-->\r\n                                        <div class=\"featured-block col-md-6 col-sm-6 col-xs-12\">\r\n                                            <div class=\"featured-inner\">\r\n                                                <div class=\"content\">\r\n                                                    <div class=\"icon-box\">\r\n                                                        <span class=\"icon fa-gear\"><\/span>\r\n                                                    <\/div>\r\n                                                    <h3><a href=\"#\">#1 Manufacturing Unit<\/a><\/h3>\r\n                                                    <div class=\"featured-text\">Leverage agile frameworks to provide a robust synopsis for high level overviews. Iterative approaches.<\/div>\r\n                                                <\/div>\r\n                                            <\/div>\r\n                                        <\/div>\r\n                                                                    <\/div>\r\n                            <\/div>\r\n                        \r\n                        <!--Accordian Boxed-->\r\n                        <div class=\"accordian-boxed\">\r\n                            <h3>More information<\/h3>\r\n                                                            <!--Accordian Box-->\r\n                                <ul class=\"accordion-box style-three\">\r\n                                                                            <!--Block-->\r\n                                        <li class=\"accordion block \">\r\n                                            <div class=\"acc-btn\"><div class=\"icon-outer\"><span class=\"icon icon-plus fa fa-plus\"><\/span> <span class=\"icon icon-minus fa fa-minus\"><\/span><\/div>Capitalize on low hanging fruit to identify a ballpark value added activity.<\/div>\r\n                                            <div class=\"acc-content \">\r\n                                                <div class=\"content\">\r\n                                                    <div class=\"text\">Expound the actual teachings of the great explorer of the truth, the master-builder of human happiness. No one rejects, dislikes, or avoids. actual teachings of the great explorer of the truth, the master-builder of human actual teachings of the great explorer of the truth, the master-builder of human.<\/div>\r\n                                                <\/div>\r\n                                            <\/div>\r\n                                        <\/li>\r\n                                                                            <!--Block-->\r\n                                        <li class=\"accordion block \">\r\n                                            <div class=\"acc-btn\"><div class=\"icon-outer\"><span class=\"icon icon-plus fa fa-plus\"><\/span> <span class=\"icon icon-minus fa fa-minus\"><\/span><\/div>Digital divide with additional clickthroughs from DevOps.<\/div>\r\n                                            <div class=\"acc-content \">\r\n                                                <div class=\"content\">\r\n                                                    <div class=\"text\">Expound the actual teachings of the great explorer of the truth, the master-builder of human happiness. No one rejects, dislikes, or avoids. actual teachings of the great explorer of the truth, the master-builder of human actual teachings of the great explorer of the truth, the master-builder of human.<\/div>\r\n                                                <\/div>\r\n                                            <\/div>\r\n                                        <\/li>\r\n                                                                            <!--Block-->\r\n                                        <li class=\"accordion block active-block\">\r\n                                            <div class=\"acc-btn\"><div class=\"icon-outer\"><span class=\"icon icon-plus fa fa-plus\"><\/span> <span class=\"icon icon-minus fa fa-minus\"><\/span><\/div>Nanotechnology immersion along the information highway will close the loop.<\/div>\r\n                                            <div class=\"acc-content current\">\r\n                                                <div class=\"content\">\r\n                                                    <div class=\"text\">Expound the actual teachings of the great explorer of the truth, the master-builder of human happiness. No one rejects, dislikes, or avoids. actual teachings of the great explorer of the truth, the master-builder of human actual teachings of the great explorer of the truth, the master-builder of human.<\/div>\r\n                                                <\/div>\r\n                                            <\/div>\r\n                                        <\/li>\r\n                                                                            <!--Block-->\r\n                                        <li class=\"accordion block \">\r\n                                            <div class=\"acc-btn\"><div class=\"icon-outer\"><span class=\"icon icon-plus fa fa-plus\"><\/span> <span class=\"icon icon-minus fa fa-minus\"><\/span><\/div>Organically grow the holistic world view of disruptive innovation via workplace.<\/div>\r\n                                            <div class=\"acc-content \">\r\n                                                <div class=\"content\">\r\n                                                    <div class=\"text\">Expound the actual teachings of the great explorer of the truth, the master-builder of human happiness. No one rejects, dislikes, or avoids. actual teachings of the great explorer of the truth, the master-builder of human actual teachings of the great explorer of the truth, the master-builder of human.<\/div>\r\n                                                <\/div>\r\n                                            <\/div>\r\n                                        <\/li>\r\n                                                                    <\/ul>\r\n                            \r\n                        <\/div>\r\n                    <\/div>\r\n                <\/div>\r\n            <\/div>\r\n\r\n            <!--Sidebar Side-->\r\n            <div class=\"sidebar-side col-lg-3 col-md-4 col-sm-12 col-xs-12\">\r\n                <aside class=\"sidebar\">\r\n\r\n                    <!--Sidebar Side-->\r\n\t\t\t\t\t <!-- \/.footer-news -->\r\n\r\n                <\/aside>\r\n            <\/div>\r\n\r\n        <\/div>\r\n    <\/div>\r\n<\/div><\/div><\/div><\/div><\/div><\/section><\/p>\n","protected":false},"excerpt":{"rendered":"","protected":false},"author":3,"featured_media":0,"parent":0,"menu_order":0,"comment_status":"closed","ping_status":"closed","template":"tpl-king_composer.php","meta":{"pgc_meta":"","_eb_attr":"","_crdt_document":"","_monsterinsights_skip_tracking":false,"_monsterinsights_sitenote_active":false,"_monsterinsights_sitenote_note":"","_monsterinsights_sitenote_category":0,"footnotes":""},"class_list":["post-1043","page","type-page","status-publish","hentry"],"aioseo_notices":[],"pgc_meta":"","post_mailing_queue_ids":[],"_links":{"self":[{"href":"https:\/\/www.mca.srv.br\/site\/wp-json\/wp\/v2\/pages\/1043","targetHints":{"allow":["GET"]}}],"collection":[{"href":"https:\/\/www.mca.srv.br\/site\/wp-json\/wp\/v2\/pages"}],"about":[{"href":"https:\/\/www.mca.srv.br\/site\/wp-json\/wp\/v2\/types\/page"}],"author":[{"embeddable":true,"href":"https:\/\/www.mca.srv.br\/site\/wp-json\/wp\/v2\/users\/3"}],"replies":[{"embeddable":true,"href":"https:\/\/www.mca.srv.br\/site\/wp-json\/wp\/v2\/comments?post=1043"}],"version-history":[{"count":5,"href":"https:\/\/www.mca.srv.br\/site\/wp-json\/wp\/v2\/pages\/1043\/revisions"}],"predecessor-version":[{"id":1339,"href":"https:\/\/www.mca.srv.br\/site\/wp-json\/wp\/v2\/pages\/1043\/revisions\/1339"}],"wp:attachment":[{"href":"https:\/\/www.mca.srv.br\/site\/wp-json\/wp\/v2\/media?parent=1043"}],"curies":[{"name":"wp","href":"https:\/\/api.w.org\/{rel}","templated":true}]}}