{"id":1053,"date":"2018-04-09T08:15:51","date_gmt":"2018-04-09T11:15:51","guid":{"rendered":"https:\/\/www.mca.srv.br\/novo4\/?page_id=1053"},"modified":"2022-07-05T11:01:04","modified_gmt":"2022-07-05T14:01:04","slug":"gerenciamento-servicos","status":"publish","type":"page","link":"https:\/\/www.mca.srv.br\/site\/gerenciamento-servicos\/","title":{"rendered":"Gerenciamento"},"content":{"rendered":"<p><section class=\"kc-elm kc-css-525979 kc_row\"><div class=\"kc-row-container  kc-container\"><div class=\"kc-wrap-columns\"><div class=\"kc-elm kc-css-811149 kc_col-sm-12 kc_column kc_col-sm-12\"><div class=\"kc-col-container\"><!--Sidebar Page Container-->\r\n<div class=\"sidebar-page-container\">\r\n    <div class=\"auto-container\">\r\n        <div class=\"row clearfix\">\r\n\r\n            <!--Content Side-->\r\n            <div class=\"content-side pull-right col-lg-9 col-md-8 col-sm-12 col-xs-12\">\r\n                <div class=\"services-single\">\r\n                    <div class=\"inner-box\">\r\n                        <div class=\"gallery-image\">\r\n                            <div class=\"row clearfix\">\r\n                                <div class=\"image-column col-md-7 col-sm-7 col-xs-12\">\r\n                                    <div class=\"image\">\r\n                                        <img decoding=\"async\" src=\"https:\/\/www.mca.srv.br\/site\/wp-content\/uploads\/2022\/02\/Vale-Paragominas-300x200.jpg\" alt=\"image\" \/>\r\n                                    <\/div>\r\n                                <\/div>\r\n                                <div class=\"image-column col-md-5 col-sm-5 col-xs-12\">\r\n                                    <div class=\"image\">\r\n                                        <img decoding=\"async\" src=\"https:\/\/www.mca.srv.br\/site\/wp-content\/uploads\/2018\/04\/BVRF-3-300x200.jpg\" alt=\"image\" \/>\r\n                                    <\/div>\r\n                                <\/div>\r\n                            <\/div>\r\n                        <\/div>\r\n                        <h2>Gerenciamento<\/h2>\r\n                        <div class=\"text\">\r\n                            <p>O Gerenciamento de Projetos e Obras \u00e9 uma compet\u00eancia estrat\u00e9gica para organiza\u00e7\u00f5es que requer a aplica\u00e7\u00e3o de conhecimentos, habilidades e t\u00e9cnicas para a execu\u00e7\u00e3o de projetos de forma efetiva e eficaz.  Fundamental na materializa\u00e7\u00e3o de uma oportunidade, o Gerenciamento permite a uni\u00e3o dos resultados do projeto com os objetivos do neg\u00f3cio, al\u00e9m de aprimorar a sua competitividade no mercado.<bR><BR> <\/p>\r\n                            <div class=\"two-column\">\r\n                                <div class=\"row clearfix\">\r\n                                    <div class=\"image-column col-md-6 col-sm-6 col-xs-12\">\r\n                                        <div class=\"image\">\r\n                                            <img decoding=\"async\" src=\"https:\/\/www.mca.srv.br\/site\/wp-content\/uploads\/2022\/05\/Oma-1-300x199.jpg\" alt=\"image\" \/>\r\n                                        <\/div>\r\n                                    <\/div>\r\n                                    <div class=\"content-column col-md-6 col-sm-6 col-xs-12\">\r\n                                        <div class=\"inner-column left-padd\">\r\n                                            <h3><\/h3>\r\n                                            <p>A MCA possui um acervo t\u00e9cnico com mais de 300 atestados registrados no CREA, pela participa\u00e7\u00e3o dos seus profissionais especialistas nos maiores empreendimentos realizados no Brasil nos \u00faltimos 20 anos, nas \u00e1reas de:<\/p>\r\n                                                                                            <ul class=\"list-style-four\">\r\n                                                                                                            <li>Engenharia do Propriet\u00e1rio e Gest\u00e3o Documental<\/li>\r\n                                                                                                            <li>Gest\u00e3o do Planejamento<\/li>\r\n                                                                                                            <li>Diligenciamento e Inspe\u00e7\u00e3o<\/li>\r\n                                                                                                            <li>Gest\u00e3o de Materiais<\/li>\r\n                                                                                                            <li>Planejamento e Gerenciamento de Comissionamento<\/li>\r\n                                                                                                            <li>Gerenciamento e Fiscaliza\u00e7\u00e3o de  Empreendimentos.<\/li>\r\n                                                                                                    <\/ul>\r\n                                                                                    <\/div>\r\n                                    <\/div>\r\n\r\n                                <\/div>\r\n                            <\/div>\r\n                        <\/div>\r\n                        \r\n                        \r\n                        <!--Accordian Boxed-->\r\n                        <div class=\"accordian-boxed\">\r\n                            <h3><\/h3>\r\n                            \r\n                        <\/div>\r\n                    <\/div>\r\n                <\/div>\r\n            <\/div>\r\n\r\n            <!--Sidebar Side-->\r\n            <div class=\"sidebar-side col-lg-3 col-md-4 col-sm-12 col-xs-12\">\r\n                <aside class=\"sidebar\">\r\n\r\n                    <!--Sidebar Side-->\r\n\t\t\t\t\t <!-- \/.footer-news -->\r\n\r\n                <\/aside>\r\n            <\/div>\r\n\r\n        <\/div>\r\n    <\/div>\r\n<\/div><\/div><\/div><\/div><\/div><\/section><section class=\"kc-elm kc-css-714966 kc_row\"><div class=\"kc-row-container  kc-container\"><div class=\"kc-wrap-columns\"><div class=\"kc-elm kc-css-76111 kc_col-sm-12 kc_column kc_col-sm-12\"><div class=\"kc-col-container\"><!--Sidebar Page Container-->\r\n<div class=\"sidebar-page-container\">\r\n    <div class=\"auto-container\">\r\n        <div class=\"row clearfix\">\r\n\r\n            <!--Content Side-->\r\n            <div class=\"content-side pull-right col-lg-9 col-md-8 col-sm-12 col-xs-12\">\r\n                <div class=\"services-single\">\r\n                    <div class=\"inner-box\">\r\n                        <div class=\"big-image\">\r\n                            <img decoding=\"async\" src=\"https:\/\/www.mca.srv.br\/site\/wp-content\/uploads\/2018\/04\/Aerial-Vale-8-1024x497.jpg\" alt=\"image\" \/>\r\n                        <\/div>\r\n                        <h2>Comissionamento<\/h2>\r\n                        <div class=\"text\">\r\n                            <p>Comissionamento \u00e9 um conjunto organizado de atividades no \u00e2mbito do planejamento, execu\u00e7\u00e3o e controle dos testes de equipamentos, instala\u00e7\u00f5es e sistemas que visam colocar em opera\u00e7\u00e3o uma unidade industrial em implanta\u00e7\u00e3o, com o objetivo de atingir a performance estabelecida nos projetos de engenharia que a conceberam. Os resultados ser\u00e3o t\u00e3o melhores quanto mais cedo essas atividades forem iniciadas, ainda na fase de montagem.\r\n\r\nA MCA atua no comissionamento desde o planejamento at\u00e9 os testes de performance e ramp up.\r\n<\/p>\r\n                            <div class=\"two-column\">\r\n                                <div class=\"row clearfix\">\r\n                                    <div class=\"content-column col-md-6 col-sm-6 col-xs-12\">\r\n                                        <div class=\"inner-column right-padd\">\r\n                                            <h3>Sohar: Software de Comissionamento propriet\u00e1rio da MCA<\/h3>\r\n                                            <p>Com seu talento global e know-how t\u00e9cnico, a MCA desenvolveu um software com o objetivo de planejar e controlar as atividades de comissionamento de unidades industriais, em conformidade com as melhores pr\u00e1ticas adotadas no Brasil.   O software de Comissionamento Sohar foi baseado no banco de dados de diversos projetos de comissionamento realizados pela MCA, nos mais variados segmentos e alinhado ao conjunto de melhores pr\u00e1ticas adotadas nos mercados nacional e internacional.\r\n\r\nO SOHAR oferece aos clientes a organiza\u00e7\u00e3o das informa\u00e7\u00f5es originadas no planejamento at\u00e9 a fase de ramp up e hand over para a equipe de opera\u00e7\u00e3o, tornando-as rastre\u00e1veis de maneira did\u00e1tica.\r\n<\/p>\r\n                                                                                    <\/div>\r\n                                    <\/div>\r\n                                    <div class=\"image-column col-md-6 col-sm-6 col-xs-12\">\r\n                                        <div class=\"image\">\r\n                                            <img decoding=\"async\" src=\"https:\/\/www.mca.srv.br\/site\/wp-content\/uploads\/2022\/03\/sohar-logo-150x53.png\" alt=\"image\" \/>\r\n                                        <\/div>\r\n                                    <\/div>\r\n                                <\/div>\r\n                            <\/div>\r\n                        <\/div>\r\n                        \r\n                                                \r\n                        <!--Accordian Boxed-->\r\n                        <div class=\"accordian-boxed\">\r\n                            <h3><\/h3>\r\n                            \r\n                            \r\n                        <\/div>\r\n                    <\/div>\r\n                <\/div>\r\n            <\/div>\r\n\r\n            <!--Sidebar Side-->\r\n            <div class=\"sidebar-side col-lg-3 col-md-4 col-sm-12 col-xs-12\">\r\n                <aside class=\"sidebar\">\r\n\r\n                    <!--Sidebar Side-->\r\n\t\t\t\t\t <!-- \/.footer-news -->\r\n\r\n                <\/aside>\r\n            <\/div>\r\n\r\n        <\/div>\r\n    <\/div>\r\n<\/div><\/div><\/div><\/div><\/div><\/section><\/p>\n","protected":false},"excerpt":{"rendered":"","protected":false},"author":3,"featured_media":0,"parent":0,"menu_order":0,"comment_status":"closed","ping_status":"closed","template":"tpl-king_composer.php","meta":{"pgc_meta":"","_eb_attr":"","_crdt_document":"","_monsterinsights_skip_tracking":false,"_monsterinsights_sitenote_active":false,"_monsterinsights_sitenote_note":"","_monsterinsights_sitenote_category":0,"footnotes":""},"class_list":["post-1053","page","type-page","status-publish","hentry"],"aioseo_notices":[],"pgc_meta":"","post_mailing_queue_ids":[],"_links":{"self":[{"href":"https:\/\/www.mca.srv.br\/site\/wp-json\/wp\/v2\/pages\/1053","targetHints":{"allow":["GET"]}}],"collection":[{"href":"https:\/\/www.mca.srv.br\/site\/wp-json\/wp\/v2\/pages"}],"about":[{"href":"https:\/\/www.mca.srv.br\/site\/wp-json\/wp\/v2\/types\/page"}],"author":[{"embeddable":true,"href":"https:\/\/www.mca.srv.br\/site\/wp-json\/wp\/v2\/users\/3"}],"replies":[{"embeddable":true,"href":"https:\/\/www.mca.srv.br\/site\/wp-json\/wp\/v2\/comments?post=1053"}],"version-history":[{"count":24,"href":"https:\/\/www.mca.srv.br\/site\/wp-json\/wp\/v2\/pages\/1053\/revisions"}],"predecessor-version":[{"id":1259,"href":"https:\/\/www.mca.srv.br\/site\/wp-json\/wp\/v2\/pages\/1053\/revisions\/1259"}],"wp:attachment":[{"href":"https:\/\/www.mca.srv.br\/site\/wp-json\/wp\/v2\/media?parent=1053"}],"curies":[{"name":"wp","href":"https:\/\/api.w.org\/{rel}","templated":true}]}}